{"id":593,"date":"2025-08-29T22:00:35","date_gmt":"2025-08-29T22:00:35","guid":{"rendered":"https:\/\/olympia-schoenau.de\/?page_id=593"},"modified":"2025-08-29T22:00:37","modified_gmt":"2025-08-29T22:00:37","slug":"agb","status":"publish","type":"page","link":"https:\/\/olympia-schoenau.de\/?page_id=593","title":{"rendered":"AGB"},"content":{"rendered":"\n<p>Allgemeine Gesch\u00e4ftsbedingungen<br>\u00a7 1 Geltungsbereich, \u00c4nderungen<\/p>\n\n\n\n<ol class=\"wp-block-list\">\n<li>Die folgenden Bedingungen regeln abschlie\u00dfend das Vertragsverh\u00e4ltnis zwischen DJK<br>Olympia Sch\u00f6nau e.V, Arthur-Johlige-Weg 8, 97659 Sch\u00f6nau., vertreten durch den 1.<br>Vorstand Florian Zirkelbach, im Folgenden \u201eVeranstalter\u201c genannt, und dem jeweiligen<br>Kunden.<\/li>\n\n\n\n<li>Diese allgemeinen Gesch\u00e4ftsbedingungen gelten ausschlie\u00dflich. Entgegenstehende oder<br>von diesen Gesch\u00e4ftsbedingungen abweichende Bedingungen des Kunden werden nicht<br>anerkannt, es sei denn, der Verk\u00e4ufer hat diesen im Einzelfall ausdr\u00fccklich zugestimmt.<\/li>\n\n\n\n<li>Diese Bedingungen gelten sowohl gegen\u00fcber Verbrauchern als auch gegen\u00fcber<br>Unternehmern. Verbraucher im Sinne dieser Bedingungen ist jede nat\u00fcrliche Person, die die<br>Plattform zu einem Zweck nutzt, der \u00fcberwiegend weder ihrer gewerblichen noch ihrer<br>selbstst\u00e4ndigen beruflichen T\u00e4tigkeit zugerechnet werden kann. Unternehmer im Sinne<br>dieser AGB ist eine nat\u00fcrliche oder juristische Person oder eine rechtsf\u00e4hige<br>Personengesellschaft, die bei der Bestellung in Aus\u00fcbung ihrer gewerblichen oder<br>selbstst\u00e4ndigen beruflichen T\u00e4tigkeit handelt.<\/li>\n\n\n\n<li>Der Vertragsschluss findet ausschlie\u00dflich in deutscher Sprache statt. Es ist deutsches Recht<br>anwendbar, soweit der Kunde Kaufmann ist.<br>\u00a7 2 Gegenstand und Abwicklung des Kaufvertrages, Versandkosten<\/li>\n\n\n\n<li>Gegenstand des jeweiligen Vertrages ist der online Erwerb eines oder mehrerer<br>Eintrittskarten (\u201eTickets\u201c) durch den Kunden f\u00fcr die jeweils angebotene Veranstaltung. Ein<br>Weiterverkauf durch den Kunden ist unzul\u00e4ssig.<\/li>\n\n\n\n<li>Der Umfang der zu erbringenden Leistungen ergibt sich aus dem zwischen den Parteien<br>geschlossenen Vertrag, der Leistungsbeschreibung und\/oder dem Angebot sowie diesen<br>allgemeinen Gesch\u00e4ftsbedingungen.<\/li>\n\n\n\n<li>Der Kunde kann \u00fcber die Webseite des Veranstalters (abrufbar unter: http:\/\/olympia<br>schoenau.de\/) einen Kauf von Tickets f\u00fcr die jeweilige Veranstaltung vornehmen. Die<br>einzelnen Kategorien der Tickets ergeben sich aus der Artikelbeschreibung auf der Webseite.<br>In der Regel werden Erwachsenen-Tickets und erm\u00e4\u00dfigte Kinder-Tickets angeboten.<\/li>\n\n\n\n<li>Erm\u00e4\u00dfigte Kinder-Tickets d\u00fcrfen ausschlie\u00dflich f\u00fcr Kinder erworben werden, die zum<br>Zeitpunkt der Veranstaltung das 18. Lebensjahr noch nicht vollendet haben. Der Veranstalter<br>ist berechtigt, am Einlass zur Veranstaltung die Berechtigung zur Inanspruchnahme eines<br>erm\u00e4\u00dfigten Tickets durch geeignete Nachweise zu \u00fcberpr\u00fcfen.<\/li>\n\n\n\n<li>Der Vertrag kommt dadurch zustande, dass der Kunde nach Hinzuf\u00fcgen des gew\u00fcnschten<br>Tickets in den Warenkorb, nach Angabe seiner Daten und Wahl der Zahlungs- und<br>Versandmodalit\u00e4ten den \u201ekostenpflichtig bestellen\u201c \u2013 Button bet\u00e4tigt.<\/li>\n\n\n\n<li>Daraufhin erh\u00e4lt der Kunde eine Bestellbest\u00e4tigung, in welcher der Vertragsinhalt und die<br>allgemeinen Gesch\u00e4ftsbedingungen aufgef\u00fchrt werden.<\/li>\n\n\n\n<li>Die Zahlungsoptionen sind der Artikelbeschreibung zu entnehmen. Alle Preisangaben<br>verstehen sich als Brutto-Preise inkl. der jeweils geltenden gesetzlichen Umsatzsteuer.<\/li>\n\n\n\n<li>Bei Abschluss des Kaufvertrages wird die Zahlung des Kaufpreises sofort f\u00e4llig.<\/li>\n\n\n\n<li>Sofern die Zahlung \u00fcber externe Zahlungsdienstleister erfolgt, gelten die<br>Gesch\u00e4ftsbedingungen des jeweiligen Zahlungsdienstleisters.<\/li>\n\n\n\n<li>Die Versandbedingungen ergeben sich aus der Artikelbeschreibung. In der Regel werden die<br>Tickets nach Wahl des Kunden elektronisch per E-Mail (PDF-Ticket zum Selbstausdrucken)<br>oder postalisch an die angegebene Adresse versendet. Beim Postversand tr\u00e4gt der Kunde,<br>soweit nicht anders vereinbart, die pauschalen Versandkosten in H\u00f6he von 1,00 Euro. Soweit<br>vom Veranstalter angeboten, kann der Kunde die Hinterlegung an der Abendkasse<br>ausw\u00e4hlen.<\/li>\n\n\n\n<li>Dem Kunden abhanden gekommene oder zerst\u00f6rte Tickets werden nicht ersetzt oder<br>zur\u00fcckerstattet. Die Hinterlegung der Tickets erfolgt nach Zahlungseingang. Mit Bezahlung<br>der Tickets ist die Bestellung verbindlich und kann nicht mehr storniert werden. Werden die<br>Tickets nicht abgeholt, ist eine R\u00fcckerstattung des Kaufpreises nicht m\u00f6glich.<\/li>\n\n\n\n<li>Die Lieferfristen ergeben sich aus der Artikelbeschreibung. Lieferzeitangaben sind jedoch<br>unverbindlich, soweit sie nicht von dem Verk\u00e4ufer ausdr\u00fccklich zugesichert wurden.<br>\u00a7 3 Verzug und Verzugskosten<\/li>\n\n\n\n<li>Kunden, die Unternehmer sind, geraten in Verzug, wenn sie innerhalb von 30 Tagen nach<br>F\u00e4lligkeit nicht geleistet haben.<\/li>\n\n\n\n<li>Verbraucher geraten ebenso innerhalb von 30 Tagen nach F\u00e4lligkeit in Verzug, wenn Sie auf<br>diese Folge in der Rechnung oder Zahlungsaufforderung hingewiesen werden.<\/li>\n\n\n\n<li>Der Verk\u00e4ufer ist berechtigt, f\u00fcr jede Mahnung pauschale Mahnkosten in H\u00f6he von 2,50 \u20ac<br>gegen\u00fcber Kunden geltend zu machen. Dem Kunden ist der Nachweis gestattet, dass kein<br>oder nur ein geringerer Schaden entstanden ist. Die Geltendmachung weiterer Mahnkosten<br>bleibt ausdr\u00fccklich vorbehalten.<br>\u00a7 4 Pflichten des Kunden<\/li>\n\n\n\n<li>Die Pflichten des Kunden ergeben sich aus den individuellen Vereinbarungen und\/oder<br>diesen Gesch\u00e4ftsbedingungen.<\/li>\n\n\n\n<li>Der Kunde ist insbesondere verpflichtet, im Rahmen des Bestellprozesses s\u00e4mtliche<br>Angaben \u2013 insbesondere zur Person und zur Berechtigung f\u00fcr den Erwerb erm\u00e4\u00dfigter Tickets \u2013 wahrheitsgem\u00e4\u00df und vollst\u00e4ndig anzugeben.<br>\u00a7 5 Ausschluss des Widerrufsrechts<br>Der Veranstalter weist darauf hin, dass beim Kauf von Veranstaltungstickets das Widerrufsrecht<br>ausgeschlossen ist.<br>Das Widerrufsrecht ist gem\u00e4\u00df \u00a7 312g Abs. 2 Nr. 9 BGB in diesem Fall ausgeschlossen, da ein<br>Vertrag vorliegt zur Erbringung von Dienstleistungen im Zusammenhang mit Freizeitbet\u00e4tigungen<br>und der Vertrag f\u00fcr die Erbringung einen spezifischen Termin bzw. Zeitraum vorsieht. Der Kunde<br>kann den Vertrag daher nicht widerrufen.<br>\u00a7 6 Ausfall oder \u00c4nderung der Veranstaltung<\/li>\n\n\n\n<li>Der Veranstalter ist von der Leistungspflicht in F\u00e4llen h\u00f6herer Gewalt befreit. Als h\u00f6here<br>Gewalt gelten alle unvorhergesehenen Ereignisse sowie solche Ereignisse, deren<br>Auswirkungen auf die Vertragserf\u00fcllung von keiner Partei zu vertreten sind. Zu diesen<br>Ereignissen z\u00e4hlen insbesondere Pandemien, Epidemien, rechtm\u00e4\u00dfige<br>Arbeitskampfma\u00dfnahmen, auch in Drittbetrieben sowie beh\u00f6rdliche Ma\u00dfnahmen.<\/li>\n\n\n\n<li>Bei vollst\u00e4ndigem Ausfall der Veranstaltung aus Gr\u00fcnden, die nicht vom Kunden zu vertreten<br>sind (z.B. beh\u00f6rdliche Untersagung, h\u00f6here Gewalt), wird der Ticketpreis erstattet. Etwaige<br>Versandkosten werden nicht erstattet.<\/li>\n\n\n\n<li>Programm\u00e4nderungen, \u00c4nderungen der Uhrzeit oder geringf\u00fcgige Ortswechsel berechtigen<br>nicht zur R\u00fcckgabe oder Erstattung der Tickets.<br>\u00a7 7 Gew\u00e4hrleistung und Haftung<\/li>\n\n\n\n<li>Der Verk\u00e4ufer haftet grunds\u00e4tzlich nicht f\u00fcr leicht fahrl\u00e4ssig verursachte Sch\u00e4den.<\/li>\n\n\n\n<li>Die Haftungseinschr\u00e4nkungen gelten nicht f\u00fcr Sch\u00e4den aus der Verletzung des Lebens, des<br>K\u00f6rpers oder der Gesundheit, beim arglistigen Verschweigen von M\u00e4ngeln, bei \u00dcbernahme<br>einer Beschaffenheitsgarantie, Anspr\u00fcchen aus dem Produkthaftungsgesetz, im Falle des<br>Vorsatzes und der groben Fahrl\u00e4ssigkeit sowie bei Verletzung von Pflichten, deren Erf\u00fcllung<br>die ordnungsgem\u00e4\u00dfe Durchf\u00fchrung des Vertrages \u00fcberhaupt erst erm\u00f6glichen und auf deren<br>Einhaltung der Kunde regelm\u00e4\u00dfig vertrauen darf. Der Schadensersatzanspruch f\u00fcr die<br>fahrl\u00e4ssige Verletzung von wesentlichen Vertragspflichten ist jedoch summenm\u00e4\u00dfig auf den<br>vertragstypischen, vorhersehbaren Schaden begrenzt.<\/li>\n\n\n\n<li>Vorstehende Regelungen gelten auch f\u00fcr die Erf\u00fcllungsgehilfen des Veranstalters.<\/li>\n\n\n\n<li>Im \u00dcbrigen ist die Haftung ausgeschlossen.<br>\u00a7 8 Schlussbestimmungen<\/li>\n\n\n\n<li>\u00c4nderungen und Erg\u00e4nzungen des Vertrages und dieser allgemeinen Gesch\u00e4ftsbedingungen<br>bed\u00fcrfen mindestens der Textform. Dies gilt auch f\u00fcr die \u00c4nderung dieser Bestimmung.<br>M\u00fcndliche Nebenabreden bestehen nicht.<\/li>\n\n\n\n<li>Der Veranstalter ist nicht bereit und nicht verpflichtet, an einem Streitbeilegungsverfahren<br>vor einer Verbraucherschlichtungsstelle teilzunehmen.<\/li>\n\n\n\n<li>Sofern die Parteien Vollkaufleute sind, wird f\u00fcr alle Streitigkeiten, die sich aus oder im<br>Zusammenhang mit dem vorliegenden Vertrag ergeben, die Stadt des Sitzes des<br>Veranstalters als Gerichtsstand vereinbart.<\/li>\n\n\n\n<li>Sollte eine Bestimmung dieser Gesch\u00e4ftsbedingungen unwirksam sein, bleiben die \u00fcbrigen<br>Bestimmungen davon unber\u00fchrt.<br>Stand: 29.08.2025<\/li>\n<\/ol>\n","protected":false},"excerpt":{"rendered":"<p>Allgemeine Gesch\u00e4ftsbedingungen\u00a7 1 Geltungsbereich, \u00c4nderungen<\/p>\n","protected":false},"author":3,"featured_media":0,"parent":0,"menu_order":0,"comment_status":"closed","ping_status":"closed","template":"","meta":{"footnotes":""},"class_list":["post-593","page","type-page","status-publish","hentry"],"_links":{"self":[{"href":"https:\/\/olympia-schoenau.de\/index.php?rest_route=\/wp\/v2\/pages\/593","targetHints":{"allow":["GET"]}}],"collection":[{"href":"https:\/\/olympia-schoenau.de\/index.php?rest_route=\/wp\/v2\/pages"}],"about":[{"href":"https:\/\/olympia-schoenau.de\/index.php?rest_route=\/wp\/v2\/types\/page"}],"author":[{"embeddable":true,"href":"https:\/\/olympia-schoenau.de\/index.php?rest_route=\/wp\/v2\/users\/3"}],"replies":[{"embeddable":true,"href":"https:\/\/olympia-schoenau.de\/index.php?rest_route=%2Fwp%2Fv2%2Fcomments&post=593"}],"version-history":[{"count":1,"href":"https:\/\/olympia-schoenau.de\/index.php?rest_route=\/wp\/v2\/pages\/593\/revisions"}],"predecessor-version":[{"id":594,"href":"https:\/\/olympia-schoenau.de\/index.php?rest_route=\/wp\/v2\/pages\/593\/revisions\/594"}],"wp:attachment":[{"href":"https:\/\/olympia-schoenau.de\/index.php?rest_route=%2Fwp%2Fv2%2Fmedia&parent=593"}],"curies":[{"name":"wp","href":"https:\/\/api.w.org\/{rel}","templated":true}]}}